t s be l(q). Let u(o) = -o + 1. What is u(s)?
-6
Suppose 13*x + 67 = 41. Let t(k) = k**3 + 3*k**2 - 2. What is t(x)?
2
Let v(s) = -s**3 - 6*s**2 + 5*s + 16. Let n be v(-7). Let i = n - 25. Let z(a) = 4*a + 3. Determine z(i).
23
Let y(n) = -n**3 - 14*n**2 + 3*n + 5. Let m(x) = -x**3 - 13*x**2 + 2*x + 3. Let t(z) = 3*m(z) - 2*y(z). Calculate t(-11).
-1
Suppose 2*q + 5 = q. Let i be 90/50 - (-2)/10. Let k(j) = 5*j + 3*j**i - 2*j**2 + 13 - 12. Determine k(q).
1
Let g(w) = -2*w + 8. Let p(f) = 8*f - 25. Let a(r) = -7*g(r) - 2*p(r). What is a(3)?
-12
Let x = -31 + 33. Suppose x*v = -v + 3. Let z(j) = -11*j**2 - j + 1. Determine z(v).
-11
Let k(m) = -19*m + 11. Let y be k(1). Let p(x) = x**2 + 7*x - 6. Calculate p(y).
2
Let s(o) = -o**3 - 9*o**2 + 11*o + 8. Let a(q) = -q - 7. Let v be a(3). Calculate s(v).
-2
Let h(o) = 22*o - 7. Let z(r) = -10*r + 3. Let p(c) = 2*h(c) + 5*z(c). Let v(t) = t. Let s be v(1). What is p(s)?
-5
Let j(b) = b**2 - 3*b + 4. Let a be j(3). Let d(h) be the first derivative of h**2/2 - 2*h + 160. Determine d(a).
2
Let f(z) = -z**3 + 13*z**2 - 12*z - 3. Let k(n) = -n**2 - 11*n + 92. Let i be k(5). Determine f(i).
-3
Let j(w) = -w - 12. Let h(a) = 4*a + 14. Let n be h(-8). Let y be j(n). Let x(g) = 2*g - 7. Let p(r) = -r + 1. Let m(o) = -p(o) - x(o). What is m(y)?
0
Let v(c) be the second derivative of c**5/20 + 2*c**4/3 + 3*c**3/2 + 103*c. Give v(-7).
-14
Let r(x) = -33*x + 1. Let v = 590 + -591. Calculate r(v).
34
Let b(z) = -421 + z - 427 + 847. Give b(-9).
-10
Let f(g) = -2*g. Let x be ((-19)/(-38))/(1 + 15/(-14)). What is f(x)?
14
Suppose 7*l = -17*l + 72. Let d(n) = -2*n + 2*n**3 + 4 + 5*n - n**3 - 5*n**2. Calculate d(l).
-5
Let i be 1/(-2*5*1/50). Let d(r) = -r**3 - 7*r**2 - 5*r + 9. What is d(i)?
-16
Suppose -2*o + a = -3*o, -3*o + 8 = a. Let p(m) = m**3 - 3 + 26*m - 45*m + 21*m - m**2 - 3*m**2. Determine p(o).
5
Suppose -5*f - 3*u = -43, 0 = 4*f - u + 2*u - 40. Let q(v) = -1 - 4*v - 7*v + f*v + 6*v**2 + v**3 - 7*v. Calculate q(-7).
-1
Let j(p) be the second derivative of -p**3/6 - 9*p**2/2 - 22*p + 1. Calculate j(-10).
1
Let d be 6*(-24)/81 - 4/18. Let b(z) = -z**3 + 3*z + 3. Determine b(d).
5
Suppose 2*n - 2 = -0. Let l(h) be the first derivative of h - h**4 - 19 - 11 - 2*h + 32. Determine l(n).
-5
Let s(g) = 3 - 3 + 2*g - 1 - 5*g**2 - g - g**3. What is s(-5)?
-6
Let w(r) be the first derivative of 5*r**2/2 + 159. Determine w(2).
10
Let z(q) = 3*q + 5. Let d be z(5). Let x be 0/(-3 + d/4). Let y(w) = 4*w - 7 + x*w - 2*w + 0*w. Determine y(5).
3
Suppose -5*z + 31 + 94 = 0. Suppose 5*l - t = -31, t = 4*l - 0*t + z. Let v(u) = -u - 11. Give v(l).
-5
Let r = 36 + -32. Suppose 0 = -2*a + 8 - 0, r*a - 28 = -3*u. Let j(f) = -f**3 + 5*f**2 - 6*f + 1. Determine j(u).
-7
Let q(k) = -2*k - 22. Let s(n) = -4*n - 23. Let y(c) = -4*q(c) + 3*s(c). Give y(0).
19
Let o(r) be the first derivative of r**4/12 - r**2/2 + 9*r + 11. Let g(i) be the first derivative of o(i). Give g(-1).
0
Let m(n) = -1 + 6 - 2*n + 0*n + 5. Determine m(9).
-8
Let x(l) = -2*l**2 - 19*l - 13. Let p be x(-9). Let s(k) = k**3 + 6*k**2 + 7*k + 6. Give s(p).
10
Let u(a) be the second derivative of a**4/12 + 13*a**3/6 + 10*a**2 - 420*a. Calculate u(-11).
-2
Let z(u) be the third derivative of u**5/60 - 7*u**4/24 - 87*u**2. Calculate z(5).
-10
Let j(q) be the third derivative of -q**6/60 + q**5/60 - q**3/6 + 150*q**2. What is j(-1)?
2
Let m(s) be the first derivative of -1/24*s**4 + 2*s**2 + 0*s + 1/6*s**3 - 5. Let x(q) be the second derivative of m(q). Give x(6).
-5
Let s(m) = -2*m + 23. Let i be 1*-1*(-88)/44. Let a(x) = x - 11. Let q(f) = i*s(f) + 5*a(f). Determine q(-8).
-17
Let c = 398 + -399. Let j(m) = -21*m - 13. Calculate j(c).
8
Let b(r) = r**2 + 6*r + 6. Let o be b(-3). Let q(p) = -4*p - 3 + 45*p**2 - 20*p**2 - 26*p**2. What is q(o)?
0
Let t be ((-2)/4)/((-4)/48). Suppose 3*r + 0*r = -t. Let x(f) = f**3 + 2*f**2 + f - 1. What is x(r)?
-3
Suppose 61 = 8*d + 5. Let s(p) = p**2 - 55. Let f be s(d). Let w(y) be the third derivative of y**5/60 + y**4/3 + 7*y**3/6 - 2*y**2. Determine w(f).
-5
Let m(o) = -8*o - 7. Let k(l) = -5*l - 5. Let a(r) = 4*k(r) - 3*m(r). Calculate a(-1).
-3
Let z = 5 + -12. Let o(u) = -52*u**3 - 2*u**2 - 9 + 9 - 3 - 5*u**2 + 51*u**3. Give o(z).
-3
Let f(h) be the second derivative of h**5/20 + 11*h**4/12 + h**3/6 + 5*h**2/2 + h. Let q = -75 + 64. What is f(q)?
-6
Let n(w) = w**3 - 3*w**2 - 5*w + 3. Suppose -5*x + 132 = -83. Let g = -39 + x. What is n(g)?
-1
Let s(k) = -3*k + 1. Let t(d) = -13*d + 2. Let u(c) = 4*s(c) - t(c). What is u(6)?
8
Let l(s) = -s**2 - 5*s + 2. Suppose -12 = -2*k - 0*k. Suppose k*n = 2*n - 4. Let d be (n - (-2 + 0))*-6. What is l(d)?
-4
Let b(a) = a**3 - 9*a**2 + 7*a + 15. Let w(i) = -2*i**3 + 18*i**2 - 13*i - 29. Let p(l) = -7*b(l) - 4*w(l). Determine p(9).
38
Let c be -5 + (3/(-2))/((-6)/(-20)). Let t(b) = -b - 6. Calculate t(c).
4
Let d(r) be the third derivative of -r**6/120 + r**5/60 - 3*r**3/2 + 151*r**2. Determine d(0).
-9
Let i(o) = -o**2 - 9*o - 9. Let p be 3/(-18)*3*-4. Suppose z = 2*g - 6*g + 12, p*z - 18 = -5*g. Suppose 4*j + 17 = -g*r - j, -2*r = -4*j + 8. Calculate i(r).
9
Let a(p) = 2*p**2 - 10*p + 6. Let l(c) = c**2 - 9*c + 5. Let q(k) = 2*a(k) - 3*l(k). Let m be 10/25 - 42/5. Calculate q(m).
5
Let g(u) = u**3 - 6*u**2 + 7*u. Let t(h) = -h**3 + 6*h**2 - 8*h + 1. Let p(l) = 6*g(l) + 5*t(l). Suppose 36 = -0*s + 4*s - 3*z, -4 = z. Give p(s).
17
Let n(f) = -7 - 14 - 3*f - 10 + 37. Let h be 3 + -1 - 1*-1. Suppose 0 = -h*u + 12 + 3. Calculate n(u).
-9
Let z(c) be the first derivative of -5*c**4/4 + c**3/3 - c**2/2 - c + 349. Give z(-1).
6
Let k(o) be the third derivative of -o**6/120 + o**4/24 + 4*o**3/3 + 38*o**2 + 2. Determine k(0).
8
Let k(i) = -i**3 + 12*i**2 - 13*i + 7. Let j = -717 - -728. Give k(j).
-15
Let d(y) = 6*y + 7. Let m(c) = 4*c**2 + 22*c - 46. Let o be m(-7). What is d(o)?
-17
Let j(x) be the third derivative of x**4/24 - x**3/3 - 102*x**2. Determine j(-6).
-8
Let i(v) = 11*v + 17. Let b(l) = -7*l - 11. Let w = 39 + -34. Let j(x) = w*i(x) + 8*b(x). Determine j(5).
-8
Let a be 15/6*-1*(-546)/195. Let k(q) = -q**3 + 7*q**2 - 6. Give k(a).
-6
Let n(w) = w**3 + 5*w**2 + 3*w - 1. Let v = -254 + 251. What is n(v)?
8
Suppose -28 = 5*c + 18*m - 20*m, -2*c = 5*m + 17. Let l(v) = -v + 5. Give l(c).
11
Let r(y) = -14674*y + 2*y**2 + 4*y**2 + 8 - 2*y**2 - y**3 + 14676*y. What is r(5)?
-7
Let w(y) = -y**2 + 10*y - 14. Let k be 86/9 + (-4 - (-160)/36). Give w(k).
-14
Suppose 54*n - 3*z + 30 = 51*n, -n + 3*z = 14. Let r(s) = 4*s + 5. Give r(n).
-27
Let m(f) be the first derivative of f**3/3 + 4*f**2 + 15*f - 129. Determine m(-6).
3
Let o = 4 - 2. Let q(t) = t**2 + o*t + 0 + 4*t - 7. Let g(p) = -2*p + 10. Let y be g(8). Calculate q(y).
-7
Suppose 0 = 4*p - 50 + 2. Suppose -p = 4*f - 4. Let i(b) be the second derivative of 5*b**3/6 - b**2 - b. Calculate i(f).
-12
Suppose 709*l = 699*l + 270. Let a(c) = 2*c**2 - 53*c - 26. Calculate a(l).
1
Let p = 6 + -3. Let x be -3 + 7 + -2 + 1. Let r(w) = -4 + 0 + p*w + x. Determine r(3).
8
Let g(m) = 2*m**2 + 2*m - 8. Let s(t) = t**2 - t - 3. Let j(o) = g(o) - s(o). Let n(c) = -c**3 - 2*c**2 + 4*c + 3. Let p be n(-2). Determine j(p).
5
Suppose 0*c - 7 = v + 2*c, -20 = 5*v + 5*c. Let g(h) = 3*h**2 + 1. Determine g(v).
4
Let s(g) = -7*g**2 - 11*g - 5*g + 31*g + g**3 - 9*g - 2*g + 2. Calculate s(6).
-10
Let q(l) = -l + 4. Let o = 98 + -90. Calculate q(o).
-4
Suppose -16 + 46 = 2*p. Let l = p + -17. Let t(o) = 6*o**2 - 2*o - 2. Give t(l).
26
Let q(h) = -4*h**2 - 7*h + 4. Let z(x) = -9*x**2 - 13*x + 9. Let j(a) = -7*q(a) + 3*z(a). Let t be 3864/(-460) + 16/(-10). Give j(t).
-1
Let d(x) = -2*x**2 - 3*x + 7. Let k(l) = -2*l**2 + 48*l - 4. Let i be k(24). Give d(i).
-13
Let r(j) = -13*j**2 + 1. Suppose 3*t = 0, 5*t = 4*k - 6 + 10. Calculate r(k).
-12
Let g(p) be the third derivative of p**4/24 - p**3/2 - 6*p**2 + 5*p. Calculate g(4).
1
Let f = 192 - 180. Let m(d) = d**3 - 11*d**2 - 16*d + 7. Give m(f).
-41
Let j = 21 - 17. Suppose -2*g + 2 = -4*g. Let r(z) = -z + 1. Let o(a) = a**3 - 3*a**2 - 7*a - 1. Let f(t) = g*o(t) + 4*r(t). Calculate f(j).
1
Let u(p) = -3*p - 3. Let w be u(-3). Let q(z) = -z - 1. Let b(o) = o**2 + 11*o - 2. Let l(k) = w*q(k) + b(k). Let s be (-88)/14